mainder when 7 is divided by u.
3
Let l(q) = -q**2 - 9*q - 3. What is the remainder when 58 is divided by l(-6)?
13
Suppose -2*b + 65 = 3*y, -3*b + 2*y = -3*y - 145. Let z = 311 - 194. What is the remainder when z is divided by b?
37
What is the remainder when 99 is divided by 1365/55 - (-2)/11?
24
Let c(u) = -u**3 - 8*u**2 + 6*u - 4. Calculate the remainder when c(-9) is divided by 12.
11
What is the remainder when -18*4/(-18)*3 is divided by 5?
2
Suppose w + 38 - 158 = -5*t, 4*w = 2*t - 48. What is the remainder when 47 is divided by t?
23
Let c(n) = n + 13. Let a = 10 + 3. What is the remainder when a is divided by c(-6)?
6
Calculate the remainder when ((-8)/6)/(134/138 - 1) is divided by 13.
7
Let s = 45 - 13. Suppose a + s = 5*f - 23, 0 = 4*f - 4*a - 60. Calculate the remainder when 28 is divided by f.
8
Let a be (-2)/(-1) - 5/(-5). Suppose 2*u - 21 = a*b, -2*b + 0*b - 20 = -2*u. What is the remainder when 26 is divided by u?
8
Let s(z) = 53*z**3 - z**2 - z - 1. Let q be s(-1). Let k = -29 - -28. Calculate the remainder when k/1*(q - 2) is divided by 19.
18
Let c(v) = -2*v - 10. Suppose 0*z - 4*z - 28 = 5*a, -z + 3*a - 24 = 0. Calculate the remainder when 39 is divided by c(z).
11
Suppose 2*q + f = 3 + 4, 5*f - 10 = -5*q. Calculate the remainder when 8 is divided by q.
3
Let u(x) = -x**3 - 10*x**2 - 4*x - 2. Let j = 11 + 2. Calculate the remainder when u(-10) is divided by j.
12
Suppose 2*t + 2*q + 37 = -q, -3*t = 3*q + 54. Let y = -5 - t. Let p(w) = 16*w - 137. Calculate the remainder when y is divided by p(9).
5
Let i = 5 - 3. Calculate the remainder when 12/7 - (-2)/7 is divided by i.
0
Let v(m) = -m**3 - 4*m**2 + 4. Let d be v(-4). What is the remainder when -8*((-7)/d - 1) is divided by 12?
10
Let y be (-1 - -4) + 3/(-3). Suppose -2*t - 2*a = -40, 3*t - t - 28 = y*a. Calculate the remainder when 49 is divided by t.
15
Suppose 5 = 2*v + 1. Suppose 6*y + 92 = v*y. Let r = -4 - y. Calculate the remainder when r is divided by 7.
5
Let u = -5 - -8. Suppose 0 = 5*o - 3*k - 220, o + 0*o = -u*k + 44. Calculate the remainder when o is divided by 15.
14
Let g be 2/6 + 4/6. Calculate the remainder when 9 - (2 + (-2 - -3)) is divided by 1 - -4 - 1/g.
2
Suppose -7 = -2*a + 19. Suppose -39*w = -35*w - 32. Let l = a + w. What is the remainder when l is divided by 11?
10
Let s = -32 + 76. Calculate the remainder when s is divided by (1/((-2)/15))/((-5)/10).
14
Suppose 0*l + 32 = 4*l. Calculate the remainder when 13 is divided by l.
5
Let w be 52/6 - (-6)/(-9). Suppose 4*j - 3*j = 6. Suppose -j = z - w. Calculate the remainder when 2 is divided by z.
0
Suppose 1 - 10 = -h. Calculate the remainder when (h/3)/((-9)/(-111)) is divided by 13.
11
Suppose -204 = -w - 2*w. Let i = w - 33. What is the remainder when i is divided by 12?
11
What is the remainder when 89 is divided by (5 - -34)/(3 + 0)?
11
Let b(u) = -u**3 + 5*u + 3. Let z be b(-4). Let p = z + -34. Calculate the remainder when ((-74)/(-6))/(1/3) is divided by p.
11
Let k = 40 + -19. Calculate the remainder when 41 is divided by k.
20
Suppose 2*p - 12 = -2*p. Suppose 12 = 6*n - p*n. What is the remainder when 13 is divided by n?
1
Let x = 3 + -2. Suppose -4*o = -7 - x. Suppose 2*w - 33 = -o*a + 3*a, -w + 9 = a. What is the remainder when w is divided by 5?
4
Suppose 66 + 34 = 4*f. Suppose 3*g + 5*k = f, -k - 2*k = 3*g - 21. Suppose y - 8 = g. Calculate the remainder when 24 is divided by y.
11
Let f = 18 + -16. Suppose i - 25 = -5*m - 4*i, 0 = 5*m + 2*i - 28. Calculate the remainder when m is divided by (3/f)/(12/16).
0
Let a(y) = 2*y**2 + 2*y - 3. Let u = 7 - 14. Let l = u + 10. What is the remainder when 61 is divided by a(l)?
19
Suppose -253 - 327 = -5*b. Calculate the remainder when b is divided by 40.
36
Let h(i) = -i + 15. Calculate the remainder when 9 is divided by h(11).
1
Suppose -3*m - u - 28 = -78, m - 5 = 2*u. Calculate the remainder when 65 is divided by m.
5
Let n = 11 + -6. Let o = 126 + -122. Suppose -8*j - o*q + 79 = -3*j, -n*j + 5*q = -70. Calculate the remainder when 44 is divided by j.
14
Let b(w) = -w**3 + 6*w**2 - 6*w + 1. Let y be 1/3 + 2/3. Calculate the remainder when (-1 + y)*1 - -16 is divided by b(4).
7
Let y = 17 + 9. Suppose -b + 5 = -2*k, -2*k + 53 = 5*b + 2*k. Calculate the remainder when y is divided by b.
8
Let z = 9 - -1. Suppose 2*h + z = m, 5*m - m - 2*h - 52 = 0. Calculate the remainder when m is divided by 2 - (8*-1 + 2).
6
Let i(o) = -o**2 + 5*o + 5. What is the remainder when i(4) is divided by 6?
3
Let u be 12/(-10)*30/(-12). Suppose 3*y - u = -g - y, g = -5*y + 4. Let w = 11 + g. Calculate the remainder when 29 is divided by w.
9
What is the remainder when (-2)/5 + (-304)/(-10) is divided by (-126)/(-15) - (0 + 6/15)?
6
Let k(b) = -b**3 - b**2 - 2*b - 3. Let p = 2 + -6. What is the remainder when k(p) is divided by 18?
17
Suppose 3*m = 3*w + 24, 4*m - 4*w = 9*m - 40. What is the remainder when 10 is divided by m?
2
What is the remainder when (7/(35/45))/1 is divided by 3?
0
Let w = -5 - -8. Let f(u) = 2*u**2 - u - 2. Suppose -2*j = j - 6. Calculate the remainder when f(j) is divided by w.
1
Let v(q) = 7*q. Let g be (-4)/10 - 90/25. Let c be v(g). Let r = -14 - c. What is the remainder when r is divided by 8?
6
Let g(x) = 6*x + 15. Calculate the remainder when g(8) is divided by 32.
31
Let g = 169 - 91. Calculate the remainder when g is divided by 16.
14
Let v(t) = 17*t**2 - 6*t + 12. Calculate the remainder when v(2) is divided by 23.
22
Suppose -y + 3 = 0, 5*m - 2*y = 3*m - 2. Calculate the remainder when m*3*6 + -1 is divided by ((-4)/6)/(1/(-27)).
17
Suppose 5*c - j - 118 = 0, -4*c - 23 = 4*j - 127. What is the remainder when 93 is divided by c?
21
Let x(f) = 6*f**2 + 1 + 4*f - 3*f - 2. Let h be x(-2). Suppose 5 = d - h. Calculate the remainder when d is divided by 9.
8
Let b(d) = d**3 + 5*d**2 - 9*d - 4. Suppose 51 = 5*l + 2*o, 0 = -3*o + o - 4. What is the remainder when b(-5) is divided by l?
8
Let k(j) = -j**3 - j**2 + j. Let o be k(-2). Suppose 0 = -o*f - 10 - 0, 4*f = -2*m - 18. Let w(p) = 20*p - 1. Calculate the remainder when w(m) is divided by 7.
5
Suppose 61 = 10*i - 19. Let o be (-30)/8 + (-1)/4. Let p(f) = f**2 - 2*f - 2. Calculate the remainder when p(o) is divided by i.
6
Let x = 4 + -4. Suppose x = -3*s + 110 - 32. Suppose 0 = p + t - 0*t - 7, 2*t + 40 = 4*p. Calculate the remainder when s is divided by p.
8
Calculate the remainder when (-25)/(-15)*3 + 87 is divided by 19.
16
Calculate the remainder when 17 is divided by (-3)/(9/(-6))*5.
7
Let x = -5 - -7. Suppose 0*t - 2*t = 4*c - x, -2*t + 4*c = -26. Calculate the remainder when 20 is divided by t.
6
Let w = 16 - 10. Let m be 18/5 - 2/(-5). What is the remainder when (4 - 2 - m) + 18 is divided by w?
4
Suppose -5*w - 2*k - 7 = 0, w + 2*w + 5 = -k. Calculate the remainder when 1 + 2 - -12 - w is divided by 5.
3
Let f(j) = 25*j + 4. Let x(o) = 49*o + 7. Let w(h) = -5*f(h) + 3*x(h). What is the remainder when w(1) is divided by 12?
11
Suppose 3*u - 74 = 19. Let c = 5 + 11. What is the remainder when u is divided by c?
15
Suppose 3*y - 10 = a - 2*a, 24 = 5*y - 2*a. Suppose y*k + 105 = 7*k. What is the remainder when k is divided by 19?
16
Suppose 11*m = 8*m + 21. What is the remainder when m is divided by 6?
1
Let k(u) = -14*u**3 + u**2. Let v = 1 - 2. Calculate the remainder when 28 is divided by k(v).
13
Suppose 62 = 3*l + 4*c, -2*l - 3*c + 63 = l. Suppose 261 = 2*m + m. What is the remainder when m is divided by l?
21
Calculate the remainder when 247*(-1)/(-3) - 4/(-6) is divided by 22.
17
Let h = -55 - -78. Suppose 0*l - l = -67. What is the remainder when l is divided by h?
21
Suppose -5 = -3*g + 2*o, 4*g - 30 = -2*o - 0*o. Calculate the remainder when 16 is divided by g.
1
Let p(x) = 4*x**3 - 3*x**2 + 2*x + 2. Suppose 9 = 7*q - 5. What is the remainder when 49 is divided by p(q)?
23
Suppose 2*y - 145 = -3*y + 3*a, 5*y + 4*a = 110. Calculate the remainder when y is divided by 7.
5
Suppose -3*z + 5*z = 98. Let s(t) = -t**2 - 12*t - 7. Let v(y) = -10*y**2 + y - 1. Let p be v(1). What is the remainder when z is divided by s(p)?
10
Suppose 3*p + 4*d = 3*d + 508, 0 = -2*p - d + 337. Calculate the remainder when p is divided by 43.
42
Suppose -o + 18 - 7 = 0. Let b = -94 + 100. Wha